 factors of z.
11, 239
Suppose 0 = 10*h - 13879 - 32601. Let z be 0 - (1 + 2 + -1 - 3). What are the prime factors of (z/2)/(7/h*2)?
2, 83
Suppose -4*y + 54064 = 5*h, -56*y + 52*y + 54064 = -h. What are the prime factors of y?
2, 31, 109
Let t(j) = j**2 - 780*j + 135. List the prime factors of t(-60).
3, 5, 1123
List the prime factors of ((-58)/2)/((-98)/61838).
29, 631
Let w(g) = -14*g**3 + 5*g**2 + 7*g + 8. Let t(m) = 3*m**3 - m**2 + m - 1. Let s(a) = -4*t(a) - w(a). What are the prime factors of s(6)?
2, 163
Let x be (10/(-6))/((-10)/18). Let u be -2 + (-3 - (-21)/x). Suppose -s + 3*q + 9 = 0, -s = u*q + q - 39. List the prime factors of s.
2, 3
Let w be ((-2 - -11) + -1)/2. Suppose -w*v - 5*v + 2358 = 0. What are the prime factors of v?
2, 131
Let y = -16298 - -28041. What are the prime factors of y?
11743
Let t(y) = 53*y**2 + 4*y - 2. Let s be ((-1)/2)/((-22)/(-132)). List the prime factors of t(s).
463
Let x(q) = -8*q**2 - q - 30. Let g be x(-6). Let r = g + 1046. What are the prime factors of r?
2, 367
Suppose -13432278 = -59*j - 264*j. List the prime factors of j.
2, 3, 29, 239
Suppose 632*f - 1209*f - 864050 = -602*f. What are the prime factors of f?
2, 11, 1571
Suppose -4*k + 20 = 0, -3*w + 25343 = -k + 6091. What are the prime factors of w?
7, 131
Let g(o) = -o**2 + 16*o + 3. Let z be g(16). Suppose 0 = z*w + 5*u - 1186, 0 = 5*w - 4*u - 827 - 1125. What are the prime factors of w?
2, 7
Let y(k) = 163*k + 47. What are the prime factors of y(17)?
2, 1409
Let n be 0/(-1) + -5 - (-1 - 272). Let v = n + -193. List the prime factors of v.
3, 5
Suppose -4*k = -4*p - 2884, -405 = -k - p + 316. Suppose 185 - k = 4*f. List the prime factors of -1*3/6 - f/4.
3, 11
Let i(u) = u**2 - 3*u + 2. Let p be i(3). Suppose 0 = -p*h + 10, 62 = 5*f + 5*h + 22. List the prime factors of 35 - (f/2)/((-8)/16).
2, 19
Let o be 81298/(-126) + (-2)/(-9). Let f = o + 1164. List the prime factors of f.
3, 173
Let s = 12 + -8. Let j be (2/s)/((-4)/8). What are the prime factors of j + (3 - 1) - -52?
53
Let c = 19 - 14. Suppose -2*w - c - 1 = -2*l, 5*w - 10 = 0. Suppose 101 = 4*u + f, l*f - 63 = -3*u - 0*f. What are the prime factors of u?
2, 13
Let i(l) be the third derivative of 0*l - 11/24*l**4 + 4/3*l**3 + 1/6*l**5 - 1/120*l**6 - 21*l**2 + 0. What are the prime factors of i(8)?
2, 3
Let h(q) = -39*q - 41. Suppose 2*g + 581 = 571. List the prime factors of h(g).
2, 7, 11
Suppose 149*n - 168*n = -114950. What are the prime factors of n?
2, 5, 11
Suppose -s - 561 = -4*w, -2*s + 3*w - 5*w - 1132 = 0. Let b = 875 + s. What are the prime factors of b?
2, 5, 31
Let i(u) = -u**2 - u + 16. Let n be i(7). Let p = 43 + n. Suppose 2*o + 3*o = -p*d + 320, 3*o = 3*d - 360. What are the prime factors of d?
5, 23
Let x = -5051 + 6367. Let v be 2/8 - (-11)/4. What are the prime factors of -5*((-1)/v - x/210)?
3, 11
Let k = -49 + 44. What are the prime factors of (-7)/35 - (-68)/k*-37?
503
Suppose -5*s + 5928 = -2*s. Suppose 12*v = s + 5860. Suppose -v = -4*y - 89. What are the prime factors of y?
3, 47
Let x(b) be the second derivative of b**4/12 - 13*b**3/6 - 47*b**2/2 - 2*b - 2. Let f be x(16). List the prime factors of 962/9 - f/(-9).
107
Let f be 4714/11 + 132/(-242). Let p = f - 249. List the prime factors of p.
179
Let l = -23055 + 44203. List the prime factors of l.
2, 17, 311
Suppose -26*x + 131989 = -9*x - 4*x. What are the prime factors of x?
11, 13, 71
Let t(a) = 266*a**2 + 110*a - 1375. List the prime factors of t(10).
3, 5, 13
Suppose 9*g = 7 + 11. Let q be 216/56 - g/(-14). Suppose 2*b = -2, f = -q*f - 4*b + 141. List the prime factors of f.
29
Let q = 7844 + -1891. List the prime factors of 2/(-33)*3 - q/(-11).
541
Suppose -6180624 = -153*g - 279*g. What are the prime factors of g?
3, 19, 251
Let o = -73 - -79. Suppose -186 = -o*t + 906. What are the prime factors of t?
2, 7, 13
Let j = -9648 + 14996. List the prime factors of j.
2, 7, 191
Let g = -877 + 872. Let y(w) = 6*w**3 - w**2 - 13*w - 16. Let z(m) = 5*m**3 - 2*m**2 - 12*m - 16. Let k(v) = 4*y(v) - 5*z(v). List the prime factors of k(g).
251
Suppose 3*k + 2580 = 7044. Suppose 0 = -107*t + 103*t + k. What are the prime factors of t?
2, 3, 31
Let x(k) be the second derivative of 3*k**4/4 - 2*k**3/3 - 37*k**2/2 + 12*k + 3. List the prime factors of x(-9).
2, 7, 13
Let j(k) = -2*k**2 + 8*k**2 + 19*k - 7*k**2 - 1 - 2. Let m be (40/(-2 - 0))/(-2). What are the prime factors of j(m)?
3, 29
Let x(s) = 33*s**2 + 28*s + 155. List the prime factors of x(-14).
3, 31, 67
Suppose 6*h = 1 + 23. Suppose -h*w = -5*w + 97. What are the prime factors of w?
97
Let t = -34510 - -67757. List the prime factors of t.
33247
Suppose 0*d = 3*d - 5*d. Suppose -78 = -5*a + h + 64, 3*a + 5*h - 102 = d. Suppose 85 + a = 2*b. What are the prime factors of b?
3, 19
Suppose 15*r - 93 = 12*r. Suppose 0 = r*i - 33*i - 184. Let y = i + 161. List the prime factors of y.
3, 23
Let w = 6 - 0. Let k(r) = -5*r**2 + 8*r + 7. Let c(o) = 11*o**2 - 17*o - 14. Let p(f) = -2*c(f) - 5*k(f). What are the prime factors of p(w)?
5, 13
Suppose 0 = -n + 5*u + 120, n - 25*u = -24*u + 140. Let f = -33 - -8. Let p = n + f. List the prime factors of p.
2, 3, 5
Let k(l) = -8380*l - 4907. List the prime factors of k(-7).
7, 1097
Suppose 0 = 5*p + 5*u - 4975, -4 = -5*u + 11. Let z = -578 + p. List the prime factors of z.
2, 3, 23
Let h(d) = 4*d**3 - 4*d + 5. Let s be h(1). Suppose 7644 = -s*k + 26*k. List the prime factors of k.
2, 7, 13
Suppose -3*o = -x + 4947, -31*x + 19848 = -27*x + 3*o. What are the prime factors of x?
3, 19, 29
Let t(k) = 4*k**2 - 9*k + 2. Let r be t(4). Suppose -5*u = 3*c - 16, -5*c + 2*u + r = -38. List the prime factors of 1146/c - (-1)/(-2).
5, 19
Let n(j) = -2*j - 11 + 25 + 10 - j**2. Let a be n(-6). What are the prime factors of (a - 0)*1/2 - -153?
3, 17
Let p = -1 + 29. Suppose -5*b - 8 = -p. Suppose 0 = 2*x - b*i - 89 - 67, -2*x = -i - 156. List the prime factors of x.
2, 3, 13
Let v = -1624 - -3504. Suppose -7*x + 7122 = -v. What are the prime factors of x?
2, 643
Let s be -2 + (0 - 3 - -91) - 3. Let q = 113 - s. List the prime factors of ((-196)/(-3))/(20/q).
2, 7
Let y(z) = -38*z**3 - z**2. Let i be y(-1). Let j = 47 - i. Let g(f) = -f**2 + 26*f - 24. List the prime factors of g(j).
2, 17
Let n be (-2)/(11/(-6) - 52/(-39)). Suppose 0 = n*h + 5*w - 1109, 5*h + 0*w = -5*w + 1380. What are the prime factors of h?
271
Let b = 6505 + 14384. List the prime factors of b.
3, 11, 211
Suppose -4*s - 8023 = -5*g + 21577, 5*s - 17723 = -3*g. List the prime factors of g.
2, 3, 17, 29
Let o(v) = 33*v**3 - 2*v**2 + 9*v - 3. Let r be o(3). Let q = r + -587. List the prime factors of q.
2, 5, 31
Let w(i) = 56*i + 45. Let u be w(24). What are the prime factors of (u/3)/(-4 - (-25)/5)?
463
Let g(x) = 9*x**3 + 8*x**2 - 299*x + 56. List the prime factors of g(19).
2, 13, 2269
Suppose 551286 = -33*c + 87*c. What are the prime factors of c?
3, 41, 83
Let g = 626 + -594. Suppose -3*p - 641 = -v, -3*v + 1899 + g = -p. List the prime factors of v.
2, 7, 23
Suppose 0 = 6*g + 138154 + 10070. List the prime factors of (g/288)/((-2)/(-3))*-3.
2, 193
Let m(d) = -455*d + 593. List the prime factors of m(-33).
2, 1951
Suppose -7*i - 18 = 10. What are the prime factors of i/1 - -15*666/27?
2, 3, 61
Suppose 0 = -15*h + 46648 + 38627. Suppose h = 7*a + 449. List the prime factors of a.
2, 11, 17
Suppose 0 = -2*f + 5*j + 4 - 15, -3*f + 2*j = 0. Suppose -2*m - 4*r + 350 = -6*r, 338 = 2*m + f*r. What are the prime factors of m?
2, 43
Suppose 0 = -o + 10627 - 10910 + 27596. What are the prime factors of o?
11, 13, 191
Let f = 239 - 242. Let o(w) = 6*w**3 - 12*w**2 - w + 7. Let j(m) = 6*m**3 - 11*m**2 + 7. Let t(q) = -6*j(q) + 5*o(q). What are the prime factors of t(f)?
2, 7
Suppose 10*o = 3*o + 14. Suppose -5*v = t - 377, -t + 6 = o*v - 359. List the prime factors of t.
3, 7, 17
Suppose 16*y - 1904 = 12*y. Suppose 5*g + y = 12*a - 11*a, g - 1476 = -3*a. List the prime factors of a.
491
Let w = 24 - 355. Let t = w + 579. List the prime factors of t.
2, 31
Let k(f) be the first derivative of -227*f**2/2 + 33*f - 25. List the prime factors of k(-1).
2, 5, 13
Suppose -6902 = -19*r + 1268. Let u = 1224 - r. List the prime factors of u.
2, 397
Let n(j) = j**2 - 26*j + 8. Le